culate the remainder when u is divided by 324.
8
Suppose 4*t = f - 19 - 8, 5*t + f + 36 = 0. What is the remainder when 199 is divided by t + (-6)/((-6)/109)?
97
Suppose 186*x + 14 = 4*j + 188*x, -3*j - 2*x + 10 = 0. Calculate the remainder when 118 is divided by j.
2
Suppose 4*r - 1036 = -4*x, 186*r + 5*x = 187*r - 277. Calculate the remainder when r is divided by 242.
20
Suppose i = 48 + 52. Let x = 171 - 171. Suppose -4*u - u + i = x. Calculate the remainder when 77 is divided by u.
17
Let b = -48 - -80. Suppose 3*s + 78 = -2*u - u, -s + 5*u = 38. Let k = s + b. Calculate the remainder when 4 is divided by k.
0
Suppose -4*o = o - 85463 + 5758. What is the remainder when o is divided by 107?
105
Suppose -3*o = -2 - 10. Suppose 0 = 5*x - m - 67, o*x + 25 = 6*x - m. Suppose 3754 + 4834 + 2292 = 449*j - 7080. What is the remainder when j is divided by x?
12
Let b = -475 - -681. Suppose -213*a + 1050 = -b*a. What is the remainder when a is divided by 18?
6
Let r be 1 + (-9)/(1 + 0). Let i(f) = -5*f - 19. What is the remainder when (8 - -4)/(448/217 - 2) is divided by i(r)?
18
Let i be (0/(-3) + 0)/(-2). Suppose -8*s + 68 + 484 = i. Calculate the remainder when s is divided by 14.
13
Let i be 13/((-195)/(-246)) + 4/(-10). Suppose 0 = -o + i + 1. Calculate the remainder when (2 - (-47 + 3)) + -1 is divided by o.
11
Suppose 7*t + 126 = -3290. What is the remainder when (9/12)/((-2)/t) - 5 is divided by 60?
58
Suppose -1694 + 10599 = 65*j. What is the remainder when 1092 is divided by j?
133
Let g(z) = -4*z - 64. Let x be g(-22). Suppose -2*j - 2*j = -4*w + 12, 2*j = -4*w + x. Let y(h) = -2*h - 8. Calculate the remainder when y(-10) is divided by w.
2
Suppose -3*h = -16 + 10. Suppose 0 = 3*y + h*w - 25, -2*y - 5*w + 38 = 2*y. What is the remainder when 160 is divided by y?
6
Let f(y) = y + 4 + y**2 - 5*y**2 - 3*y**3 + 0*y**2 - 2*y. What is the remainder when (-3)/(-9)*(0 + 207) is divided by f(-2)?
13
Let g = -28 - -13. Let f(z) = -z**2 - 11*z + 27. Let q be f(g). Let t = 43 + q. What is the remainder when 49 is divided by t?
9
Suppose -2*j + 18 + 0 = 4*y, -16 = -4*j - 4*y. Let h = -5 + j. What is the remainder when h + 62 + (1 - (3 + -1)) is divided by 15?
10
Suppose 3*i + 88 = 2*n + 2*n, -3*i + 12 = 0. Let u(m) = 6*m**2 - 6*m - 9. Let a be u(-2). What is the remainder when 2586/27 - (2 - 60/a) is divided by n?
21
Let r = 6081 + -9039. Let d be (r/(-39) - -2) + (-4)/(-26). Let y = -60 + d. Calculate the remainder when y is divided by 7.
4
Let d = 400 + -400. Suppose -41*a - 937 + 5160 = d. What is the remainder when a is divided by 27?
22
Let f = 159 + -157. Calculate the remainder when (48 + (-4 - -5)*0)*f is divided by 33.
30
What is the remainder when 1183 is divided by (14/18 - 1) + (-23 - (-12144)/216)?
28
Let b(i) be the third derivative of -i**6/60 - i**5/20 - 5*i**4/24 + 2*i**3/3 - 94*i**2. Calculate the remainder when 137 is divided by b(-3).
45
Suppose -66*m = 21*m - 4437. What is the remainder when m is divided by 10?
1
Suppose 801 = h - 5*r, -h + 366 = -3*r - 433. What is the remainder when h is divided by 38?
36
Let x be -6*413/(-42) - -6. Let m = x + 172. Calculate the remainder when m is divided by 16.
13
Suppose -131 = 5*n - 5*a - 551, 4*n + 4*a = 376. Suppose -4*t + 55 = -41. What is the remainder when n is divided by t?
17
Suppose n + 5 - 3 = o, -5*o + n = -18. Suppose 4*t + 32 + 32 = 4*m, m - 5*t - o = 0. What is the remainder when m is divided by (161/(-105) + 1)/((-4)/60)?
3
Let c(f) = -18*f - 2 - 5 - 7*f + 5*f. What is the remainder when c(-2) is divided by (-189)/(-14)*(-4)/(-3)?
15
Suppose -65*k + 6234 - 338 = -29789. Calculate the remainder when k is divided by 92.
89
Let a(x) = 196*x + 2559. Let s = -309 - -479. What is the remainder when s is divided by a(-13)?
5
Suppose -2*f = -5*h + 73, -9*f - 1 = -10*f. Calculate the remainder when 370 is divided by h.
10
Let p(b) = -b**3 + 10*b**2 + 12*b - 21. Let w be -1 + 79/7 - (-8)/(-28). Calculate the remainder when p(w) is divided by 10.
9
Let h(k) = 155*k + 5861. What is the remainder when h(-29) is divided by 1365?
1
Let v(z) = -10*z**2 - 147*z - 14. What is the remainder when v(-14) is divided by 50?
34
Suppose 3*f - 16 = -4. Suppose 2*a + 770 = 9*a. Suppose 2*s + f*q = a, 2*s - s - 52 = -3*q. What is the remainder when 179 is divided by s?
57
Let c(s) = -s**2 + 23*s - 123. Suppose -114*i + 195 = -99*i. Calculate the remainder when 75 is divided by c(i).
5
Let y = 33 + -39. Let p(f) = -f + 9. What is the remainder when (-58)/(-2) - (y + 3) is divided by p(0)?
5
Calculate the remainder when ((-891)/198)/(36/(-10936)) is divided by 57.
56
Suppose -1173*x - 2552 = -1202*x. What is the remainder when x is divided by 15?
13
Suppose 3*o + 3*b + 26 = -2*b, 3*b - 32 = 5*o. Let n(r) = -5*r - 10. Suppose -1588 = -15*g - 538. What is the remainder when g is divided by n(o)?
20
Let f be 74/6 + -3 + 4/6. Let x(o) = o**2 + 5*o - 126. Let t = 59 - -36. Calculate the remainder when t is divided by x(f).
23
Suppose 3*t + 22 = 352. Suppose -2*h = l + l + 208, 5*l = h + t. Let o = h + 159. Calculate the remainder when o is divided by 19.
16
Let t = -374 - -1055. Suppose -2*h = h - 4*w - 1004, -5*w - t = -2*h. What is the remainder when h is divided by 84?
76
Suppose -4*n = 2*d - 2090, -4808*n = -4805*n + 5*d - 1550. What is the remainder when 1599 is divided by n?
24
Suppose -3*c + 26 = -13. Let p be (-1 - 6) + (-3 - -5). Calculate the remainder when (p/4 - -2)/(61/4880) is divided by c.
8
Let r(m) = -10*m + 38*m**2 - 12 - 18 + 51 - 13. Calculate the remainder when r(2) is divided by 24.
20
Let n = 3347 + -3341. Calculate the remainder when 977 is divided by n.
5
Let q(n) = -61*n + 86*n - 50*n - 24. Calculate the remainder when q(-6) is divided by (-86)/(-12)*4*(-57)/(-38).
40
Suppose 0 = -4*v + 2*k + 264, 9*v - 272 = 5*v - 2*k. What is the remainder when v is divided by 22?
1
Suppose 3*b + 0*b = 399. Suppose -464*u = -331*u - 8911. What is the remainder when b is divided by u?
66
Let g(x) = 10*x + 970. What is the remainder when g(-87) is divided by 13?
9
What is the remainder when 354 is divided by ((-17)/((-340)/3310))/(-2 - 5/(-2))?
23
Let n(l) = 10*l**2 - 1. Calculate the remainder when n(-2) is divided by 1/4 + (-8496)/(-576).
9
Let t = 688 - 491. Let l = 332 - t. Calculate the remainder when l is divided by (-10)/(-25) + 336/10.
33
Let b = -18079 + 18090. Let w = 3 - -27. Suppose 0 = 4*g - g - w. What is the remainder when b is divided by g?
1
What is the remainder when (-1 - 207)*((-11)/(-2))/(-11) is divided by 82?
22
Let o(v) = -v**2 + 105*v + 932. Calculate the remainder when o(84) is divided by 12.
8
Suppose -n + 4*o = 20, -35 = 4*n - 4*o - 3*o. Let q(s) = s**2 + s + 24. Calculate the remainder when 87 is divided by q(n).
15
Let k = -77 - -77. Suppose 16*y - 18*y + 66 = k. Suppose -4*i - 164 = -676. What is the remainder when i is divided by y?
29
Let h = 9 - 4. Let y = -146 - -256. Suppose p + 4*p = -5*l + y, -2*l + 62 = 3*p. What is the remainder when p is divided by h?
3
Let v(q) = 12*q**2 + 3*q + 23. What is the remainder when v(-6) is divided by 428?
9
Suppose 0 = 57*g + 9*g - 4100 - 2038. Suppose 2*h = h + 8. What is the remainder when g is divided by h?
5
Suppose -2*d - 16*b = -13*b - 12, 4*b + 24 = 0. What is the remainder when 4300 is divided by d?
10
Let f(h) = 2*h**2 - 37*h + 115. Let g be 2/11 - 36495/165. Let n = -133 - g. Calculate the remainder when n is divided by f(15).
8
Suppose 2*s - 255 = -5*y, -s = 4*s + 4*y - 663. Let t = -414 - -443. Calculate the remainder when s is divided by t.
19
Suppose 3*y - 98*l + 95*l - 1500 = 0, -3*y = -l - 1502. What is the remainder when y is divided by 167?
0
Let o = -4905 - -7142. What is the remainder when o is divided by 102?
95
Let a(n) = 131*n - 2035. What is the remainder when 339 is divided by a(16)?
34
What is the remainder when 22 is divided by 0 - 28/(-10)*150/60 - -3?
2
What is the remainder when 345 is divided by ((-7632)/(-12))/12 + 3?
9
Suppose -50*c = -58*c + 336. Suppose 24 + 5 = r. Suppose 2*h + c = 4*n, -3*n + 7*h + r = 3*h. What is the remainder when 41 is divided by n?
8
Calculate the remainder when ((-2)/2 - 1/((-45)/(-126)))*-185 is divided by 15.
13
Suppose 3*u - 4*y = -6*y + 41, 2*y + 50 = 4*u. Suppose 